 8569?
209
Calculate the highest common factor of 180 and 9110.
10
What is the highest common factor of 795 and 365?
5
What is the highest common factor of 457427 and 59?
59
What is the highest common divisor of 742 and 856639?
371
What is the greatest common factor of 174 and 19122?
6
What is the greatest common factor of 25044 and 3636?
12
Calculate the highest common factor of 550044 and 33.
33
What is the greatest common factor of 15 and 105645?
15
What is the highest common factor of 864190 and 5826?
1942
What is the highest common factor of 28638 and 15984?
666
What is the highest common divisor of 1518 and 383064?
66
Calculate the highest common factor of 182204 and 36080.
1804
What is the greatest common factor of 149357 and 13?
13
Calculate the greatest common factor of 3024 and 16128.
1008
What is the highest common factor of 72272 and 64?
16
Calculate the greatest common factor of 1271 and 11931.
41
What is the greatest common divisor of 198 and 19998?
198
What is the greatest common factor of 316922 and 7510?
1502
What is the highest common factor of 77025 and 3250?
325
What is the highest common divisor of 1885 and 7475?
65
Calculate the highest common divisor of 3496 and 5152.
184
Calculate the greatest common factor of 13869 and 1035.
207
Calculate the greatest common factor of 470 and 2679470.
470
What is the greatest common divisor of 18414 and 11253?
1023
What is the greatest common divisor of 594 and 268290?
198
Calculate the greatest common divisor of 104 and 18166616.
104
What is the highest common factor of 47251 and 3?
1
What is the greatest common factor of 13398 and 10164?
462
What is the highest common divisor of 322 and 171787?
161
What is the greatest common factor of 609 and 206422?
29
Calculate the greatest common factor of 649 and 2655.
59
What is the highest common divisor of 21504 and 8?
8
Calculate the highest common factor of 35630 and 70.
70
What is the greatest common divisor of 133947 and 135?
27
What is the greatest common factor of 4020 and 7485?
15
Calculate the highest common divisor of 4496 and 560.
16
Calculate the highest common divisor of 96 and 96928.
32
Calculate the greatest common factor of 14 and 128646.
14
Calculate the greatest common factor of 234 and 4966.
26
What is the highest common divisor of 1405017 and 321?
321
What is the highest common divisor of 7272 and 1465712?
808
What is the greatest common factor of 93 and 10292?
31
Calculate the highest common divisor of 20 and 8305.
5
Calculate the greatest common divisor of 1205 and 55.
5
What is the highest common divisor of 6558721 and 338?
169
What is the greatest common divisor of 380058 and 126?
42
What is the highest common divisor of 856 and 204156?
428
Calculate the highest common divisor of 81 and 57.
3
What is the highest common divisor of 574 and 124230?
82
What is the highest common divisor of 59354 and 472?
118
What is the greatest common divisor of 4066 and 27606?
214
Calculate the greatest common factor of 7031766 and 42.
42
Calculate the highest common factor of 164052 and 1953.
1953
Calculate the greatest common factor of 9583 and 112.
7
Calculate the highest common divisor of 8563 and 8.
1
What is the highest common divisor of 19398 and 1272?
318
Calculate the highest common factor of 3948 and 1348900.
1316
Calculate the highest common factor of 32930 and 2220.
370
What is the greatest common factor of 2752 and 1478512?
688
Calculate the greatest common divisor of 908157 and 102.
51
What is the highest common divisor of 2 and 668?
2
What is the greatest common factor of 86992 and 728?
8
Calculate the greatest common divisor of 104027 and 1225.
49
What is the highest common factor of 59418 and 36?
18
What is the highest common divisor of 242091 and 74?
37
What is the greatest common factor of 96052 and 703?
37
Calculate the greatest common divisor of 50 and 65210.
10
What is the greatest common divisor of 154 and 10948?
14
What is the highest common factor of 248060 and 2054?
158
Calculate the greatest common divisor of 6408 and 1000716.
1068
What is the highest common factor of 6210 and 7290?
270
Calculate the highest common factor of 3204 and 576.
36
What is the greatest common factor of 2 and 4610?
2
What is the greatest common factor of 264 and 206140?
44
What is the highest common factor of 200 and 9386500?
100
Calculate the highest common factor of 199 and 6982711.
199
What is the highest common divisor of 35949 and 69?
69
What is the greatest common divisor of 6187 and 7613?
23
Calculate the greatest common divisor of 65292 and 24.
12
What is the highest common factor of 407 and 210826?
407
Calculate the highest common factor of 150560 and 3680.
160
What is the highest common divisor of 13554 and 243?
27
Calculate the highest common factor of 17 and 385679.
17
Calculate the highest common divisor of 5908 and 84.
28
What is the greatest common factor of 200 and 1880?
40
Calculate the highest common factor of 1017 and 52319.
113
What is the highest common divisor of 606 and 123?
3
Calculate the highest common divisor of 35433 and 1395.
279
What is the greatest common divisor of 785210 and 1398?
466
Calculate the greatest common divisor of 42462 and 189.
63
What is the highest common divisor of 42 and 3918?
6
Calculate the highest common factor of 15345 and 6417.
279
What is the greatest common factor of 35040 and 73?
73
What is the greatest common factor of 2013 and 122?
61
Calculate the highest common divisor of 42912 and 18.
18
What is the highest common factor of 176 and 12265?
11
What is the greatest common factor of 160 and 229960?
40
What is the highest common divisor of 1764576 and 11140?
2228
Calculate the greatest common factor of 650748 and 1464.
732
Calculate the greatest common factor of 102 and 1506642.
102
Calculate the greatest common divisor of 893 and 3173.
19
What is the greatest common divisor of 135874 and 246?
82
What is the highest common factor of 16642 and 7738?
106
Calculate the highest common divisor of 1470 and 540.
30
What is the greatest common factor of 1126062 and 662?
662
What is the highest common divisor of 148 and 33892?
148
What is the greatest common divisor of 16025 and 1125?
25
Calculate the greatest common factor of 268577 and 491.
491
What is the highest common divisor of 28 and 23228?
4
Calculate the highest common divisor of 99 and 3951.
9
Calculate the greatest common divisor of 218308 and 4.
4
Calculate the highest common factor of 408240 and 8019.
729
What is the greatest common factor of 12 and 1716180?
12
Calculate the greatest common divisor of 1375 and 259375.
125
What is the greatest common divisor of 156812 and 197?
197
What is the highest common factor of 115924 and 1168?
292
Calculate the highest common divisor of 1165 and 17242.
233
What is the greatest common factor of 6365010 and 60?
30
Calculate the greatest common divisor of 2118728 and 263.
263
Calculate the highest common factor of 77316 and 544.
68
Calculate the highest common factor of 78 and 115518.
78
What is the greatest common factor of 258 and 2694982?
86
What is the greatest common factor of 297 and 24417?
9
Calculate the highest common divisor of 342901 and 169.
169
What is the greatest common factor of 77 and 2160268?
11
Calculate the greatest common divisor of 41872 and 1552.
16
What is the highest common divisor of 3074 and 158891?
29
What is the highest common factor of 12628 and 2772?
308
What is the greatest common factor of 322524 and 540?
36
Calculate the highest common divisor of 831123 and 9.
9
Calculate the highest common factor of 50 and 21080.
10
What is the greatest common factor of 2064 and 5424?
48
What is the greatest common factor of 8143 and 1207?
17
What is the greatest common divisor of 31689 and 7413?
21
Calculate the greatest common divisor of 120 and 366280.
40
What is the greatest common divisor of 160 and 695?
5
Calculate the greatest common divisor of 69335 and 294.
49
What is the highest common divisor of 376 and 10411064?
376
Calculate the highest common divisor of 864 and 4368.
48
What is the greatest common divisor of 10440 and 6800?
40
What is the greatest common factor of 268 and 2651?
1
What is the highest common divisor of 616688 and 208?
16
Calculate the high